17 is divided by s?
5
Let j = 190 - -439. Suppose -j = 7*p - 1735. What is the remainder when p is divided by 53?
52
Suppose 0 = -4*a + 226 + 502. Suppose -5*f + a = 4*g, -4*g - 3 = -f + 19. What is the remainder when 100 is divided by f?
32
Let s = -235 + 314. What is the remainder when s is divided by 45?
34
Let h be 6/(4 + 10/(-3)). Suppose -h*m = -13*m. Suppose m = 4*o - 57 + 13. What is the remainder when 31 is divided by o?
9
Let g(f) = 5*f**2 + 69*f + 17. Calculate the remainder when g(-18) is divided by 133.
129
Calculate the remainder when 69 is divided by 36 + 18 + -13 + 5.
23
Suppose 3*g + 9 = 2*s, 4*g - s = -0*g - 12. Let v be (g - 0) + 4 + -4. What is the remainder when (16 + v + 0)*2 is divided by 7?
5
Calculate the remainder when 147/196 - 177/(-4) is divided by 6.
3
What is the remainder when 70 is divided by (2 - 1)*18/(-15)*-15?
16
Suppose 0 = 3*q + 21 - 84. Suppose 5*x + 5*c - 400 = 0, 5*x + 39*c - 372 = 41*c. What is the remainder when x is divided by q?
13
Suppose 31*s - 27*s = -300. Let v = s + 109. Calculate the remainder when v is divided by 12.
10
Let q(k) = -4*k + 8. Let f be q(13). What is the remainder when 15 is divided by 16/(-56) - f/7?
3
Suppose 0 = -2*p - 4, 2*p + 7 - 1 = s. Suppose -s*j = 2*j + f - 134, 2*j = 2*f + 62. Calculate the remainder when j is divided by 18.
15
Suppose -4*i + 4 = -4. Let r be 1*44 + (3 - 3). Suppose r = 4*h - i*f, 0 = -h + 3*f - 5 + 21. What is the remainder when h is divided by 6?
4
Suppose 0 = -3*w - 5*i + 166, -2*w + 68 = 2*i - 44. Let q = 64 - w. What is the remainder when 16 is divided by q?
2
Let g(r) = -r**3 + 43*r**2 - 193*r + 128. Let a = 182 - 113. Calculate the remainder when a is divided by g(38).
13
Let n(s) = -s**2 - 21*s - 2. Let y be n(-22). Suppose 4*d - d - 138 = 0. Calculate the remainder when d is divided by (1*(-24)/10)/(y/160).
14
Suppose -5*c + 22 - 6 = 3*m, 11 = 2*m + 3*c. Calculate the remainder when ((-171)/38)/(3/(-22)) is divided by m.
5
Suppose 51 = -4*q + 11. Let d(g) = g**2 - 5*g**2 + 9*g - 5 + 5*g**2. Calculate the remainder when 7 is divided by d(q).
2
Suppose 55*d - 1239 = 3931. What is the remainder when d is divided by 16?
14
Calculate the remainder when (2125/(-10))/5*36/(-30) is divided by 29.
22
Let c(s) = 2*s**2 + 20. What is the remainder when c(-5) is divided by 11?
4
What is the remainder when (-4)/(-26) - 512885/(-871) is divided by 99?
94
Let g(k) = 290*k**2 - 25*k + 10. Calculate the remainder when g(2) is divided by 51.
49
Suppose 24 = a - 0*i + 3*i, 44 = 3*a + 2*i. Calculate the remainder when 57 is divided by a.
9
Suppose 10 = 5*d + f, -5*f = 5*d + 9 - 39. What is the remainder when 9 is divided by d?
0
Suppose 2*z - 4*o = 30, -z = -11*o + 10*o - 15. Suppose -2*v + 44 = -v. What is the remainder when v is divided by z?
14
Suppose -4*k - 12 = 0, -29 = i - 2*i + k. Let x(b) = -b. Let f(u) = -9*u - 25. Let j(c) = f(c) - 2*x(c). Calculate the remainder when i is divided by j(-5).
6
Let n(q) = 3*q**2 + 21*q + 47. What is the remainder when 168 is divided by n(-7)?
27
Let q be (3/9)/(2/36). Let t(a) = 3*a**2 - 9*a + 3. Calculate the remainder when t(q) is divided by 6.
3
Let y = 34 - 4. Suppose 4*d = 11 - 59. Let n = y - d. Calculate the remainder when n is divided by 22.
20
Calculate the remainder when 55 - (16 + 42/(-6) + -6) is divided by 21.
10
Suppose -2*t = -4*h + 122, -33 = -h - 5*t + 3. Let j = 14 + 43. Calculate the remainder when j is divided by h.
26
Suppose 29 - 97 = -2*w. Suppose -1552 - 1461 = -23*c. Calculate the remainder when c is divided by w.
29
Let s(w) = -5*w**3 + w**2 + w - 1. Let p be s(-1). What is the remainder when p/16 - (2 - 291/4) is divided by 18?
17
Calculate the remainder when 123 is divided by (-4 + 38/3)/(1/3).
19
Let d(h) = h**3 + 11*h**2 + 10*h + 5. Let l be d(-8). Suppose 0 = -4*k + 3*f + 350, -f + 241 = 4*k - l. What is the remainder when k is divided by 31?
27
Suppose -60 = 4*z - 16*z. Suppose 2*i - w - 127 = 0, 3*i + 97 - 277 = z*w. Calculate the remainder when i is divided by 18.
11
What is the remainder when 220 is divided by (-592)/(-111)*(-84)/(-8)?
52
Let a = -791 - -804. What is the remainder when 35 is divided by a?
9
Let o = 498 - 467. What is the remainder when 83 is divided by o?
21
Suppose p + 0*x + x - 67 = 0, 0 = -2*p - 4*x + 126. Calculate the remainder when 278 is divided by p.
65
Suppose 0*k + 96 = 2*k. Suppose 0 = 27*n - 630 - 1881. What is the remainder when n is divided by k?
45
Let l(t) = 9*t**2 - 3*t + 7. Calculate the remainder when 68 is divided by l(2).
31
Suppose 0 = 2*s - 8*s + 24. Suppose -s*o = -p + 2*p - 5, 2*p = 3*o + 32. What is the remainder when 23 is divided by p?
10
Let u = -943 + 976. Calculate the remainder when 114 is divided by u.
15
Calculate the remainder when 24 is divided by (-5)/10*-1*30.
9
Suppose 15*r - 9*r = 114. What is the remainder when 625 is divided by r?
17
Let p be -2 - (-2 + 4)*-1. Let j = -41 + p. Let q = -7 - j. What is the remainder when q is divided by 9?
7
Let l = -110 - -112. Suppose -7*j - l*j + 153 = 0. Calculate the remainder when j is divided by 6.
5
Suppose 2*p + 4 = 3*a - 31, 12 = -3*p. What is the remainder when 42 is divided by a?
6
Let z = -6 + 13. Suppose -4 = 7*b + 24. What is the remainder when (2 + -1)/(206/(-52) - b) is divided by z?
5
Let y = -8 - -15. Suppose 12 = h + h. Suppose -3*c - h = -15. What is the remainder when y is divided by c?
1
Calculate the remainder when (1*(-2096)/20)/((-12)/30) is divided by 123.
16
Suppose 4042 = 5*g + 297. Calculate the remainder when g is divided by 15.
14
Let d be -2 + 3 - (-4 - -1 - 4). What is the remainder when 424/20 + d/10 is divided by 7?
1
Let g(w) = 5*w + 70. Let b be g(-14). Suppose -5*z + 35 = -b*z. What is the remainder when 10 is divided by z?
3
Suppose -3*x - 11 + 29 = 0. Let u be 0*(3/x - 0). Suppose u*n + 2*n = -4*f + 50, 3*n - 66 = -3*f. What is the remainder when n is divided by 11?
8
Let n = -2 + 4. Suppose n*u = 3*u - 14. Calculate the remainder when 24 is divided by u.
10
Let r be 38*1/8 + 7/28. Suppose w - r*y + 3*y - 7 = 0, 0 = -2*w - 5*y + 32. Calculate the remainder when 52 is divided by w.
8
Suppose -209 - 517 = -33*v. Suppose -3*r - 2*r + 3*y = -25, -3*r + 15 = -y. Calculate the remainder when v is divided by r.
2
Suppose -5 = -2*d + 3*a + 38, a = 4*d - 81. What is the remainder when d is divided by 114/10 - (-6)/(-15)?
9
Let k(s) = -7*s - 69. Let q = -4 + 7. Calculate the remainder when -1 + (-44)/(-6)*q is divided by k(-11).
5
Suppose 17 - 83 = -2*j. Suppose -5*p = 2*n - j, n + n = p + 3. Suppose -p*t + 2*o = -36, -2*t = t - o - 22. Calculate the remainder when 30 is divided by t.
6
Suppose 2*x = 10 + 2. Let s(b) = b**2 - 4*b - 6. Let y be s(x). Suppose 0*w = y*w - 6. What is the remainder when w is divided by 1?
0
Suppose 5*s = -5*l + 220, s - 3*l - 2*l - 38 = 0. Suppose -5*y + 5*t = -105, 4*y + t - 86 = 3*t. Calculate the remainder when s is divided by y.
21
Suppose -1 = 4*z - 17, -4*g + 348 = 5*z. Let b = 19 + g. Calculate the remainder when b is divided by 8.
5
Suppose -5*d + 5*n + 155 = 0, d + 23 = 2*d + 3*n. Suppose -k + 7 + 4 = -w, -3*w + 11 = k. Let m = k + -3. Calculate the remainder when d is divided by m.
5
Let s be 10/((-5)/(20/(-8))). Suppose -4*o + s*o = -5*a + 6, 2*a - 31 = -3*o. Suppose 4*m = o - 3. What is the remainder when 10 is divided by m?
0
Let m(q) = -q - 1. Suppose -38 = -0*v - 2*v - 4*i, -i + 59 = 5*v. Suppose 0 = -2*k - v + 15. What is the remainder when m(-7) is divided by k?
0
Let w be 1/(-3*(-3)/18). Suppose 4*o - 661 = w*u - 7*u, 3*o + 504 = 4*u. Calculate the remainder when u is divided by 22.
19
Let f = -52 - -118. What is the remainder when 131 is divided by f?
65
Let m(z) = -2*z - 1. What is the remainder when (-2 + 20)/((-6)/(-8)) is divided by m(-4)?
3
Suppose -4*r = -3 - 5. Suppose 0 = -4*v - r*p + 126, -4*v + 141 - 5 = 4*p. What is the remainder when 110 is divided by v?
23
Let g(p) = p**3 + 21*p**2 - 26*p - 72. Let b be g(-22). Suppose b*f - 10*f - 48 = 0. Calculate the remainder when 70 is divided by f.
6
Let c = -51 + 61. Suppose -26 - 4 = -c*i. Calculate the remainder when 10 is divided by i.
1
Let z = -2 - -4. Let f(c) = -c**3 + 10*c**2 + 12*c - 8. What is the remainder when f(11) is divided by 3/z*(4 + -2)?
0
Let